{"id":2200,"date":"2020-05-26T23:47:55","date_gmt":"2020-05-26T21:47:55","guid":{"rendered":"http:\/\/john-oscanlan.fr\/?page_id=2200"},"modified":"2021-04-02T00:55:55","modified_gmt":"2021-04-01T22:55:55","slug":"travail-datelier","status":"publish","type":"page","link":"https:\/\/john-oscanlan.fr\/?page_id=2200","title":{"rendered":"Travail d&rsquo;atelier"},"content":{"rendered":"<div id=\"pl-2200\"  class=\"panel-layout\" ><div id=\"pg-2200-0\"  class=\"panel-grid panel-no-style\" ><div id=\"pgc-2200-0-0\"  class=\"panel-grid-cell\" ><div id=\"panel-2200-0-0-0\" class=\"so-panel widget widget_text panel-first-child\" data-index=\"0\" >\t\t\t<div class=\"textwidget\"><p>Progression de la r\u00e9alisation d&rsquo;une pi\u00e8ce :<\/p>\n<p>Modelage, cirage et\/ou patine apr\u00e8s cuisson pour une terre cuite.<\/p>\n<p>Puis, \u00e9ventuellement, moulage, tirage d&rsquo;une cire, fonte, ciselage, patine pour un bronze.<\/p>\n<\/div>\n\t\t<\/div><div id=\"panel-2200-0-0-1\" class=\"so-panel widget widget_sow-post-carousel\" data-index=\"1\" ><div\n\t\t\t\n\t\t\tclass=\"so-widget-sow-post-carousel so-widget-sow-post-carousel-base-c7dbb92dd929-2200\"\n\t\t\t\n\t\t>\t<div\n\t\tclass=\"sow-post-carousel-wrapper sow-post-carousel-theme-base\"\n\t\tstyle=\"overflow: hidden; max-width: 100%; min-height: 150px\"\n\t>\n\t\t<div class=\"sow-carousel-title has-title\">\n\t<h3 class=\"widget-title\">Modelage<\/h3>\t\t<div class=\"sow-carousel-navigation \">\n\t\t\t\t\t\t<a href=\"#\" class=\"sow-carousel-next\" title=\"Suivant\" aria-label=\"Next Posts\" role=\"button\"><\/a>\n\t\t\t\t\t\t<a href=\"#\" class=\"sow-carousel-previous\" title=\"Pr\u00e9c\u00e9dent\" aria-label=\"Previous Posts\" role=\"button\"><\/a>\n\t\t\t\t\t<\/div>\n\t<\/div>\n\n<div class=\"sow-carousel-container \">\n\t\t<div class=\"sow-carousel-wrapper\"\n\t\tdata-dir=\"ltr\"\n\t\tstyle=\"opacity: 0;\"\n\t\tdata-widget=\"post\" data-fetching=\"false\" data-page=\"1\" data-ajax-url=\"https:\/\/john-oscanlan.fr\/wp-admin\/admin-ajax.php?_widgets_nonce=81610970bf\" data-item_count=\"5\" data-carousel_settings=\"{&quot;loop&quot;:true,&quot;animation&quot;:&quot;Ease&quot;,&quot;animation_speed&quot;:400,&quot;autoplay&quot;:&quot;&quot;,&quot;pauseOnHover&quot;:&quot;&quot;,&quot;autoplaySpeed&quot;:8000,&quot;item_overflow&quot;:true,&quot;autoplay_continuous_scroll&quot;:false}\" data-responsive=\"{&quot;desktop_slides_to_scroll&quot;:1,&quot;tablet_landscape_breakpoint&quot;:1366,&quot;tablet_landscape_slides_to_scroll&quot;:2,&quot;tablet_portrait_breakpoint&quot;:1025,&quot;tablet_portrait_slides_to_scroll&quot;:2,&quot;mobile_breakpoint&quot;:480,&quot;mobile_slides_to_scroll&quot;:1}\" data-variable_width=\"true\" \t>\n\t\t<div\n\t\t\tclass=\"sow-carousel-items\"\n\t\t\t\t\t>\n\t\t\t\t<div class=\"sow-carousel-item\" tabindex=\"-1\" style=\"float: left;\">\n\t\t<div class=\"sow-carousel-thumbnail\">\n\t\t\t\t\t\t\t<a\n\t\t\t\t\thref=\"https:\/\/john-oscanlan.fr\/?p=2465\"\n\t\t\t\t\t\t\t\t\t\tstyle=\"background-image: url( https:\/\/john-oscanlan.fr\/wp-content\/uploads\/2020\/06\/A-moiti\u00e9-folle-non-cuite-3-1-e1591805313337-150x150.jpg )\"\n\t\t\t\t\taria-labelledby=\"sow-carousel-id-2465\"\n\t\t\t\t\ttabindex=\"-1\"\n\t\t\t\t>\n\t\t\t\t\t<span class=\"overlay\"><\/span>\n\t\t\t\t<\/a>\n\t\t\t\t\t<\/div>\n\t\t<h3 class=\"sow-carousel-item-title\">\n\t\t\t<a\n\t\t\t\thref=\"https:\/\/john-oscanlan.fr\/?p=2465\"\n\t\t\t\tid=\"sow-carousel-id-2465\"\n\t\t\t\t\t\t\t\ttabindex=\"-1\"\n\t\t\t>\n\n\t\t\t\tA moiti\u00e9 folle avant cuisson\t\t\t<\/a>\n\t\t<\/h3>\n\t<\/div>\n\t\t<div class=\"sow-carousel-item\" tabindex=\"-1\" style=\"float: left;\">\n\t\t<div class=\"sow-carousel-thumbnail\">\n\t\t\t\t\t\t\t<a\n\t\t\t\t\thref=\"https:\/\/john-oscanlan.fr\/?p=2228\"\n\t\t\t\t\t\t\t\t\t\tstyle=\"background-image: url( https:\/\/john-oscanlan.fr\/wp-content\/uploads\/2020\/05\/gemme-ton-regard-pour-toujours-modelage-3-e1590534723537-150x150.jpg )\"\n\t\t\t\t\taria-labelledby=\"sow-carousel-id-2228\"\n\t\t\t\t\ttabindex=\"-1\"\n\t\t\t\t>\n\t\t\t\t\t<span class=\"overlay\"><\/span>\n\t\t\t\t<\/a>\n\t\t\t\t\t<\/div>\n\t\t<h3 class=\"sow-carousel-item-title\">\n\t\t\t<a\n\t\t\t\thref=\"https:\/\/john-oscanlan.fr\/?p=2228\"\n\t\t\t\tid=\"sow-carousel-id-2228\"\n\t\t\t\t\t\t\t\ttabindex=\"-1\"\n\t\t\t>\n\n\t\t\t\tGemme ton regard pour toujours, modelage\t\t\t<\/a>\n\t\t<\/h3>\n\t<\/div>\n\t\t<div class=\"sow-carousel-item\" tabindex=\"-1\" style=\"float: left;\">\n\t\t<div class=\"sow-carousel-thumbnail\">\n\t\t\t\t\t\t\t<a\n\t\t\t\t\thref=\"https:\/\/john-oscanlan.fr\/?p=2240\"\n\t\t\t\t\t\t\t\t\t\tstyle=\"background-image: url( https:\/\/john-oscanlan.fr\/wp-content\/uploads\/2020\/05\/La-dentelli\u00e8re-apr\u00e8s-cuisson-1-1-e1591198507960-150x150.jpg )\"\n\t\t\t\t\taria-labelledby=\"sow-carousel-id-2240\"\n\t\t\t\t\ttabindex=\"-1\"\n\t\t\t\t>\n\t\t\t\t\t<span class=\"overlay\"><\/span>\n\t\t\t\t<\/a>\n\t\t\t\t\t<\/div>\n\t\t<h3 class=\"sow-carousel-item-title\">\n\t\t\t<a\n\t\t\t\thref=\"https:\/\/john-oscanlan.fr\/?p=2240\"\n\t\t\t\tid=\"sow-carousel-id-2240\"\n\t\t\t\t\t\t\t\ttabindex=\"-1\"\n\t\t\t>\n\n\t\t\t\tLa dentelli\u00e8re apr\u00e8s cuisson\t\t\t<\/a>\n\t\t<\/h3>\n\t<\/div>\n\t\t<div class=\"sow-carousel-item\" tabindex=\"-1\" style=\"float: left;\">\n\t\t<div class=\"sow-carousel-thumbnail\">\n\t\t\t\t\t\t\t<a\n\t\t\t\t\thref=\"https:\/\/john-oscanlan.fr\/?p=2476\"\n\t\t\t\t\t\t\t\t\t\tstyle=\"background-image: url( https:\/\/john-oscanlan.fr\/wp-content\/uploads\/2020\/06\/Buste-\u00e9bauche-8a-1-e1591915966528-150x150.jpg )\"\n\t\t\t\t\taria-labelledby=\"sow-carousel-id-2476\"\n\t\t\t\t\ttabindex=\"-1\"\n\t\t\t\t>\n\t\t\t\t\t<span class=\"overlay\"><\/span>\n\t\t\t\t<\/a>\n\t\t\t\t\t<\/div>\n\t\t<h3 class=\"sow-carousel-item-title\">\n\t\t\t<a\n\t\t\t\thref=\"https:\/\/john-oscanlan.fr\/?p=2476\"\n\t\t\t\tid=\"sow-carousel-id-2476\"\n\t\t\t\t\t\t\t\ttabindex=\"-1\"\n\t\t\t>\n\n\t\t\t\tLa musique d&rsquo;Isabelle &#8211; \u00e9bauche\t\t\t<\/a>\n\t\t<\/h3>\n\t<\/div>\n\t\t<div class=\"sow-carousel-item\" tabindex=\"-1\" style=\"float: left;\">\n\t\t<div class=\"sow-carousel-thumbnail\">\n\t\t\t\t\t\t\t<a\n\t\t\t\t\thref=\"https:\/\/john-oscanlan.fr\/?p=2232\"\n\t\t\t\t\t\t\t\t\t\tstyle=\"background-image: url( https:\/\/john-oscanlan.fr\/wp-content\/uploads\/2020\/05\/Miroirs-de-l\u00e2me-modelage-1-e1590535833516-150x150.jpg )\"\n\t\t\t\t\taria-labelledby=\"sow-carousel-id-2232\"\n\t\t\t\t\ttabindex=\"-1\"\n\t\t\t\t>\n\t\t\t\t\t<span class=\"overlay\"><\/span>\n\t\t\t\t<\/a>\n\t\t\t\t\t<\/div>\n\t\t<h3 class=\"sow-carousel-item-title\">\n\t\t\t<a\n\t\t\t\thref=\"https:\/\/john-oscanlan.fr\/?p=2232\"\n\t\t\t\tid=\"sow-carousel-id-2232\"\n\t\t\t\t\t\t\t\ttabindex=\"-1\"\n\t\t\t>\n\n\t\t\t\tMiroirs de l&rsquo;\u00e2me, modelage\t\t\t<\/a>\n\t\t<\/h3>\n\t<\/div>\n\t\t\t<\/div>\n\t\t\t<\/div>\n\n\t<\/div>\n\t\t<input type=\"hidden\" name=\"instance_hash\" value=\"b99aa694\"\/>\n\t<\/div>\n<\/div><\/div><div id=\"panel-2200-0-0-2\" class=\"so-panel widget widget_sow-post-carousel\" data-index=\"2\" ><div\n\t\t\t\n\t\t\tclass=\"so-widget-sow-post-carousel so-widget-sow-post-carousel-base-c7dbb92dd929-2232\"\n\t\t\t\n\t\t>\t<div\n\t\tclass=\"sow-post-carousel-wrapper sow-post-carousel-theme-base\"\n\t\tstyle=\"overflow: hidden; max-width: 100%; min-height: 150px\"\n\t>\n\t\t<div class=\"sow-carousel-title has-title\">\n\t<h3 class=\"widget-title\">Moulage et tirage (Fonderie Paumelle \u00e0 Morsains )<\/h3>\t\t<div class=\"sow-carousel-navigation \">\n\t\t\t\t\t\t<a href=\"#\" class=\"sow-carousel-next\" title=\"Suivant\" aria-label=\"Next Posts\" role=\"button\"><\/a>\n\t\t\t\t\t\t<a href=\"#\" class=\"sow-carousel-previous\" title=\"Pr\u00e9c\u00e9dent\" aria-label=\"Previous Posts\" role=\"button\"><\/a>\n\t\t\t\t\t<\/div>\n\t<\/div>\n\n<div class=\"sow-carousel-container \">\n\t\t<div class=\"sow-carousel-wrapper\"\n\t\tdata-dir=\"ltr\"\n\t\tstyle=\"opacity: 0;\"\n\t\tdata-widget=\"post\" data-fetching=\"false\" data-page=\"1\" data-ajax-url=\"https:\/\/john-oscanlan.fr\/wp-admin\/admin-ajax.php?_widgets_nonce=81610970bf\" data-item_count=\"5\" data-carousel_settings=\"{&quot;loop&quot;:true,&quot;animation&quot;:&quot;Ease&quot;,&quot;animation_speed&quot;:400,&quot;autoplay&quot;:&quot;&quot;,&quot;pauseOnHover&quot;:&quot;&quot;,&quot;autoplaySpeed&quot;:8000,&quot;item_overflow&quot;:true,&quot;autoplay_continuous_scroll&quot;:false}\" data-responsive=\"{&quot;desktop_slides_to_scroll&quot;:1,&quot;tablet_landscape_breakpoint&quot;:1366,&quot;tablet_landscape_slides_to_scroll&quot;:2,&quot;tablet_portrait_breakpoint&quot;:1025,&quot;tablet_portrait_slides_to_scroll&quot;:2,&quot;mobile_breakpoint&quot;:480,&quot;mobile_slides_to_scroll&quot;:1}\" data-variable_width=\"true\" \t>\n\t\t<div\n\t\t\tclass=\"sow-carousel-items\"\n\t\t\t\t\t>\n\t\t\t\t<div class=\"sow-carousel-item\" tabindex=\"-1\" style=\"float: left;\">\n\t\t<div class=\"sow-carousel-thumbnail\">\n\t\t\t\t\t\t\t<a\n\t\t\t\t\thref=\"https:\/\/john-oscanlan.fr\/?p=2203\"\n\t\t\t\t\t\t\t\t\t\tstyle=\"background-image: url( https:\/\/john-oscanlan.fr\/wp-content\/uploads\/2020\/05\/En-avant-la-musique-brut-de-fonderie-e1590516809372-150x150.jpg )\"\n\t\t\t\t\taria-labelledby=\"sow-carousel-id-2203\"\n\t\t\t\t\ttabindex=\"-1\"\n\t\t\t\t>\n\t\t\t\t\t<span class=\"overlay\"><\/span>\n\t\t\t\t<\/a>\n\t\t\t\t\t<\/div>\n\t\t<h3 class=\"sow-carousel-item-title\">\n\t\t\t<a\n\t\t\t\thref=\"https:\/\/john-oscanlan.fr\/?p=2203\"\n\t\t\t\tid=\"sow-carousel-id-2203\"\n\t\t\t\t\t\t\t\ttabindex=\"-1\"\n\t\t\t>\n\n\t\t\t\tEn avant la musique  brut de fonderie\t\t\t<\/a>\n\t\t<\/h3>\n\t<\/div>\n\t\t<div class=\"sow-carousel-item\" tabindex=\"-1\" style=\"float: left;\">\n\t\t<div class=\"sow-carousel-thumbnail\">\n\t\t\t\t\t\t\t<a\n\t\t\t\t\thref=\"https:\/\/john-oscanlan.fr\/?p=2297\"\n\t\t\t\t\t\t\t\t\t\tstyle=\"background-image: url( https:\/\/john-oscanlan.fr\/wp-content\/uploads\/2020\/05\/Cire-Haute-id\u00e9e-fixe-2-1-e1590623824149-150x150.jpg )\"\n\t\t\t\t\taria-labelledby=\"sow-carousel-id-2297\"\n\t\t\t\t\ttabindex=\"-1\"\n\t\t\t\t>\n\t\t\t\t\t<span class=\"overlay\"><\/span>\n\t\t\t\t<\/a>\n\t\t\t\t\t<\/div>\n\t\t<h3 class=\"sow-carousel-item-title\">\n\t\t\t<a\n\t\t\t\thref=\"https:\/\/john-oscanlan.fr\/?p=2297\"\n\t\t\t\tid=\"sow-carousel-id-2297\"\n\t\t\t\t\t\t\t\ttabindex=\"-1\"\n\t\t\t>\n\n\t\t\t\tHaute id\u00e9e fixe, cire\t\t\t<\/a>\n\t\t<\/h3>\n\t<\/div>\n\t\t<div class=\"sow-carousel-item\" tabindex=\"-1\" style=\"float: left;\">\n\t\t<div class=\"sow-carousel-thumbnail\">\n\t\t\t\t\t\t\t<a\n\t\t\t\t\thref=\"https:\/\/john-oscanlan.fr\/?p=2290\"\n\t\t\t\t\t\t\t\t\t\tstyle=\"background-image: url( https:\/\/john-oscanlan.fr\/wp-content\/uploads\/2020\/05\/Cire-La-fleur-des-m\u00e2les-2-1-e1590623019394-150x150.jpg )\"\n\t\t\t\t\taria-labelledby=\"sow-carousel-id-2290\"\n\t\t\t\t\ttabindex=\"-1\"\n\t\t\t\t>\n\t\t\t\t\t<span class=\"overlay\"><\/span>\n\t\t\t\t<\/a>\n\t\t\t\t\t<\/div>\n\t\t<h3 class=\"sow-carousel-item-title\">\n\t\t\t<a\n\t\t\t\thref=\"https:\/\/john-oscanlan.fr\/?p=2290\"\n\t\t\t\tid=\"sow-carousel-id-2290\"\n\t\t\t\t\t\t\t\ttabindex=\"-1\"\n\t\t\t>\n\n\t\t\t\tLa fleur des m\u00e2les, cire\t\t\t<\/a>\n\t\t<\/h3>\n\t<\/div>\n\t\t<div class=\"sow-carousel-item\" tabindex=\"-1\" style=\"float: left;\">\n\t\t<div class=\"sow-carousel-thumbnail\">\n\t\t\t\t\t\t\t<a\n\t\t\t\t\thref=\"https:\/\/john-oscanlan.fr\/?p=2210\"\n\t\t\t\t\t\t\t\t\t\tstyle=\"background-image: url( https:\/\/john-oscanlan.fr\/wp-content\/uploads\/2020\/05\/Pi\u00e8ce-mont\u00e9e-brut-de-fonderie-e1590529283694-150x150.jpg )\"\n\t\t\t\t\taria-labelledby=\"sow-carousel-id-2210\"\n\t\t\t\t\ttabindex=\"-1\"\n\t\t\t\t>\n\t\t\t\t\t<span class=\"overlay\"><\/span>\n\t\t\t\t<\/a>\n\t\t\t\t\t<\/div>\n\t\t<h3 class=\"sow-carousel-item-title\">\n\t\t\t<a\n\t\t\t\thref=\"https:\/\/john-oscanlan.fr\/?p=2210\"\n\t\t\t\tid=\"sow-carousel-id-2210\"\n\t\t\t\t\t\t\t\ttabindex=\"-1\"\n\t\t\t>\n\n\t\t\t\tPi\u00e8ce mont\u00e9e : Moule, cire, tirage brut et patine\t\t\t<\/a>\n\t\t<\/h3>\n\t<\/div>\n\t\t<div class=\"sow-carousel-item\" tabindex=\"-1\" style=\"float: left;\">\n\t\t<div class=\"sow-carousel-thumbnail\">\n\t\t\t\t\t\t\t<a\n\t\t\t\t\thref=\"https:\/\/john-oscanlan.fr\/?p=2266\"\n\t\t\t\t\t\t\t\t\t\tstyle=\"background-image: url( https:\/\/john-oscanlan.fr\/wp-content\/uploads\/2020\/05\/Tirage-cire-Une-id\u00e9e-br\u00fblante-derri\u00e8re-la-t\u00eate13-e1590621866757-150x150.jpg )\"\n\t\t\t\t\taria-labelledby=\"sow-carousel-id-2266\"\n\t\t\t\t\ttabindex=\"-1\"\n\t\t\t\t>\n\t\t\t\t\t<span class=\"overlay\"><\/span>\n\t\t\t\t<\/a>\n\t\t\t\t\t<\/div>\n\t\t<h3 class=\"sow-carousel-item-title\">\n\t\t\t<a\n\t\t\t\thref=\"https:\/\/john-oscanlan.fr\/?p=2266\"\n\t\t\t\tid=\"sow-carousel-id-2266\"\n\t\t\t\t\t\t\t\ttabindex=\"-1\"\n\t\t\t>\n\n\t\t\t\tUne id\u00e9e br\u00fblante derri\u00e8re la t\u00eate, tirage cire\t\t\t<\/a>\n\t\t<\/h3>\n\t<\/div>\n\t\t\t<\/div>\n\t\t\t<\/div>\n\n\t<\/div>\n\t\t<input type=\"hidden\" name=\"instance_hash\" value=\"b303cdb1\"\/>\n\t<\/div>\n<\/div><\/div><div id=\"panel-2200-0-0-3\" class=\"so-panel widget widget_sow-post-carousel panel-last-child\" data-index=\"3\" ><div\n\t\t\t\n\t\t\tclass=\"so-widget-sow-post-carousel so-widget-sow-post-carousel-base-c7dbb92dd929-2266\"\n\t\t\t\n\t\t>\t<div\n\t\tclass=\"sow-post-carousel-wrapper sow-post-carousel-theme-base\"\n\t\tstyle=\"overflow: hidden; max-width: 100%; min-height: 150px\"\n\t>\n\t\t<div class=\"sow-carousel-title has-title\">\n\t<h3 class=\"widget-title\">Ateliers: Fonderie Paumelle \u00e0 Morsains<\/h3>\t\t<div class=\"sow-carousel-navigation \">\n\t\t\t\t\t\t<a href=\"#\" class=\"sow-carousel-next\" title=\"Suivant\" aria-label=\"Next Posts\" role=\"button\"><\/a>\n\t\t\t\t\t\t<a href=\"#\" class=\"sow-carousel-previous\" title=\"Pr\u00e9c\u00e9dent\" aria-label=\"Previous Posts\" role=\"button\"><\/a>\n\t\t\t\t\t<\/div>\n\t<\/div>\n\n<div class=\"sow-carousel-container \">\n\t\t<div class=\"sow-carousel-wrapper\"\n\t\tdata-dir=\"ltr\"\n\t\tstyle=\"opacity: 0;\"\n\t\tdata-widget=\"post\" data-fetching=\"false\" data-page=\"1\" data-ajax-url=\"https:\/\/john-oscanlan.fr\/wp-admin\/admin-ajax.php?_widgets_nonce=81610970bf\" data-item_count=\"5\" data-carousel_settings=\"{&quot;loop&quot;:true,&quot;animation&quot;:&quot;Ease&quot;,&quot;animation_speed&quot;:400,&quot;autoplay&quot;:&quot;&quot;,&quot;pauseOnHover&quot;:&quot;&quot;,&quot;autoplaySpeed&quot;:8000,&quot;item_overflow&quot;:true,&quot;autoplay_continuous_scroll&quot;:false}\" data-responsive=\"{&quot;desktop_slides_to_scroll&quot;:1,&quot;tablet_landscape_breakpoint&quot;:1366,&quot;tablet_landscape_slides_to_scroll&quot;:2,&quot;tablet_portrait_breakpoint&quot;:1025,&quot;tablet_portrait_slides_to_scroll&quot;:2,&quot;mobile_breakpoint&quot;:480,&quot;mobile_slides_to_scroll&quot;:1}\" data-variable_width=\"true\" \t>\n\t\t<div\n\t\t\tclass=\"sow-carousel-items\"\n\t\t\t\t\t>\n\t\t\t\t<div class=\"sow-carousel-item\" tabindex=\"-1\" style=\"float: left;\">\n\t\t<div class=\"sow-carousel-thumbnail\">\n\t\t\t\t\t\t\t<a\n\t\t\t\t\thref=\"https:\/\/john-oscanlan.fr\/?p=3902\"\n\t\t\t\t\tclass=\"sow-carousel-default-thumbnail\"\n\t\t\t\t\t\t\t\t\t\t\t\t\t\t\taria-labelledby=\"sow-carousel-id-3902\"\n\t\t\t\t\ttabindex=\"-1\"\n\t\t\t\t>\n\t\t\t\t\t<span class=\"overlay\"><\/span>\n\t\t\t\t<\/a>\n\t\t\t\t\t<\/div>\n\t\t<h3 class=\"sow-carousel-item-title\">\n\t\t\t<a\n\t\t\t\thref=\"https:\/\/john-oscanlan.fr\/?p=3902\"\n\t\t\t\tid=\"sow-carousel-id-3902\"\n\t\t\t\t\t\t\t\ttabindex=\"-1\"\n\t\t\t>\n\n\t\t\t\t1 &#8211; Moulage\t\t\t<\/a>\n\t\t<\/h3>\n\t<\/div>\n\t\t<div class=\"sow-carousel-item\" tabindex=\"-1\" style=\"float: left;\">\n\t\t<div class=\"sow-carousel-thumbnail\">\n\t\t\t\t\t\t\t<a\n\t\t\t\t\thref=\"https:\/\/john-oscanlan.fr\/?p=3912\"\n\t\t\t\t\tclass=\"sow-carousel-default-thumbnail\"\n\t\t\t\t\t\t\t\t\t\t\t\t\t\t\taria-labelledby=\"sow-carousel-id-3912\"\n\t\t\t\t\ttabindex=\"-1\"\n\t\t\t\t>\n\t\t\t\t\t<span class=\"overlay\"><\/span>\n\t\t\t\t<\/a>\n\t\t\t\t\t<\/div>\n\t\t<h3 class=\"sow-carousel-item-title\">\n\t\t\t<a\n\t\t\t\thref=\"https:\/\/john-oscanlan.fr\/?p=3912\"\n\t\t\t\tid=\"sow-carousel-id-3912\"\n\t\t\t\t\t\t\t\ttabindex=\"-1\"\n\t\t\t>\n\n\t\t\t\t2 &#8211; Cire\t\t\t<\/a>\n\t\t<\/h3>\n\t<\/div>\n\t\t<div class=\"sow-carousel-item\" tabindex=\"-1\" style=\"float: left;\">\n\t\t<div class=\"sow-carousel-thumbnail\">\n\t\t\t\t\t\t\t<a\n\t\t\t\t\thref=\"https:\/\/john-oscanlan.fr\/?p=3858\"\n\t\t\t\t\tclass=\"sow-carousel-default-thumbnail\"\n\t\t\t\t\t\t\t\t\t\t\t\t\t\t\taria-labelledby=\"sow-carousel-id-3858\"\n\t\t\t\t\ttabindex=\"-1\"\n\t\t\t\t>\n\t\t\t\t\t<span class=\"overlay\"><\/span>\n\t\t\t\t<\/a>\n\t\t\t\t\t<\/div>\n\t\t<h3 class=\"sow-carousel-item-title\">\n\t\t\t<a\n\t\t\t\thref=\"https:\/\/john-oscanlan.fr\/?p=3858\"\n\t\t\t\tid=\"sow-carousel-id-3858\"\n\t\t\t\t\t\t\t\ttabindex=\"-1\"\n\t\t\t>\n\n\t\t\t\t3 &#8211; Fonte\t\t\t<\/a>\n\t\t<\/h3>\n\t<\/div>\n\t\t<div class=\"sow-carousel-item\" tabindex=\"-1\" style=\"float: left;\">\n\t\t<div class=\"sow-carousel-thumbnail\">\n\t\t\t\t\t\t\t<a\n\t\t\t\t\thref=\"https:\/\/john-oscanlan.fr\/?p=3925\"\n\t\t\t\t\tclass=\"sow-carousel-default-thumbnail\"\n\t\t\t\t\t\t\t\t\t\t\t\t\t\t\taria-labelledby=\"sow-carousel-id-3925\"\n\t\t\t\t\ttabindex=\"-1\"\n\t\t\t\t>\n\t\t\t\t\t<span class=\"overlay\"><\/span>\n\t\t\t\t<\/a>\n\t\t\t\t\t<\/div>\n\t\t<h3 class=\"sow-carousel-item-title\">\n\t\t\t<a\n\t\t\t\thref=\"https:\/\/john-oscanlan.fr\/?p=3925\"\n\t\t\t\tid=\"sow-carousel-id-3925\"\n\t\t\t\t\t\t\t\ttabindex=\"-1\"\n\t\t\t>\n\n\t\t\t\t4 &#8211; Ciselure\t\t\t<\/a>\n\t\t<\/h3>\n\t<\/div>\n\t\t<div class=\"sow-carousel-item\" tabindex=\"-1\" style=\"float: left;\">\n\t\t<div class=\"sow-carousel-thumbnail\">\n\t\t\t\t\t\t\t<a\n\t\t\t\t\thref=\"https:\/\/john-oscanlan.fr\/?p=3937\"\n\t\t\t\t\tclass=\"sow-carousel-default-thumbnail\"\n\t\t\t\t\t\t\t\t\t\t\t\t\t\t\taria-labelledby=\"sow-carousel-id-3937\"\n\t\t\t\t\ttabindex=\"-1\"\n\t\t\t\t>\n\t\t\t\t\t<span class=\"overlay\"><\/span>\n\t\t\t\t<\/a>\n\t\t\t\t\t<\/div>\n\t\t<h3 class=\"sow-carousel-item-title\">\n\t\t\t<a\n\t\t\t\thref=\"https:\/\/john-oscanlan.fr\/?p=3937\"\n\t\t\t\tid=\"sow-carousel-id-3937\"\n\t\t\t\t\t\t\t\ttabindex=\"-1\"\n\t\t\t>\n\n\t\t\t\t5 &#8211; Patine\t\t\t<\/a>\n\t\t<\/h3>\n\t<\/div>\n\t\t\t<\/div>\n\t\t\t<\/div>\n\n\t<\/div>\n\t\t<input type=\"hidden\" name=\"instance_hash\" value=\"d14f88ed\"\/>\n\t<\/div>\n<\/div><\/div><\/div><\/div><\/div>","protected":false},"excerpt":{"rendered":"<p>Progression de la r\u00e9alisation d&rsquo;une pi\u00e8ce : Modelage, cirage et\/ou patine apr\u00e8s cuisson pour une terre cuite. Puis, \u00e9ventuellement, moulage, tirage d&rsquo;une cire, fonte, ciselage, patine pour un bronze.<\/p>\n","protected":false},"author":2,"featured_media":0,"parent":0,"menu_order":0,"comment_status":"closed","ping_status":"closed","template":"","meta":{"_sitemap_exclude":false,"_sitemap_priority":"","_sitemap_frequency":"","footnotes":""},"class_list":["post-2200","page","type-page","status-publish","hentry"],"yoast_head":"<!-- This site is optimized with the Yoast SEO plugin v27.1.1 - https:\/\/yoast.com\/product\/yoast-seo-wordpress\/ -->\n<title>Travail d&#039;atelier - John O&#039;SCANLAN - \u0153uvres<\/title>\n<meta name=\"robots\" content=\"index, follow, max-snippet:-1, max-image-preview:large, max-video-preview:-1\" \/>\n<link rel=\"canonical\" href=\"https:\/\/john-oscanlan.fr\/?page_id=2200\" \/>\n<meta property=\"og:locale\" content=\"fr_FR\" \/>\n<meta property=\"og:type\" content=\"article\" \/>\n<meta property=\"og:title\" content=\"Travail d&#039;atelier - John O&#039;SCANLAN - \u0153uvres\" \/>\n<meta property=\"og:description\" content=\"Progression de la r\u00e9alisation d&#039;une pi\u00e8ce : Modelage, cirage et\/ou patine apr\u00e8s cuisson pour une terre cuite. Puis, \u00e9ventuellement, moulage, tirage d&#039;une cire, fonte, ciselage, patine pour un bronze.\" \/>\n<meta property=\"og:url\" content=\"https:\/\/john-oscanlan.fr\/?page_id=2200\" \/>\n<meta property=\"og:site_name\" content=\"John O&#039;SCANLAN - \u0153uvres\" \/>\n<meta property=\"article:modified_time\" content=\"2021-04-01T22:55:55+00:00\" \/>\n<meta name=\"twitter:card\" content=\"summary_large_image\" \/>\n<script type=\"application\/ld+json\" class=\"yoast-schema-graph\">{\"@context\":\"https:\/\/schema.org\",\"@graph\":[{\"@type\":\"WebPage\",\"@id\":\"https:\/\/john-oscanlan.fr\/?page_id=2200\",\"url\":\"https:\/\/john-oscanlan.fr\/?page_id=2200\",\"name\":\"Travail d'atelier - John O&#039;SCANLAN - \u0153uvres\",\"isPartOf\":{\"@id\":\"https:\/\/john-oscanlan.fr\/#website\"},\"datePublished\":\"2020-05-26T21:47:55+00:00\",\"dateModified\":\"2021-04-01T22:55:55+00:00\",\"breadcrumb\":{\"@id\":\"https:\/\/john-oscanlan.fr\/?page_id=2200#breadcrumb\"},\"inLanguage\":\"fr-FR\",\"potentialAction\":[{\"@type\":\"ReadAction\",\"target\":[\"https:\/\/john-oscanlan.fr\/?page_id=2200\"]}]},{\"@type\":\"BreadcrumbList\",\"@id\":\"https:\/\/john-oscanlan.fr\/?page_id=2200#breadcrumb\",\"itemListElement\":[{\"@type\":\"ListItem\",\"position\":1,\"name\":\"Accueil\",\"item\":\"https:\/\/john-oscanlan.fr\/\"},{\"@type\":\"ListItem\",\"position\":2,\"name\":\"Travail d&rsquo;atelier\"}]},{\"@type\":\"WebSite\",\"@id\":\"https:\/\/john-oscanlan.fr\/#website\",\"url\":\"https:\/\/john-oscanlan.fr\/\",\"name\":\"John O'SCANLAN\",\"description\":\"Dessins, sculptures et textes.\",\"potentialAction\":[{\"@type\":\"SearchAction\",\"target\":{\"@type\":\"EntryPoint\",\"urlTemplate\":\"https:\/\/john-oscanlan.fr\/?s={search_term_string}\"},\"query-input\":{\"@type\":\"PropertyValueSpecification\",\"valueRequired\":true,\"valueName\":\"search_term_string\"}}],\"inLanguage\":\"fr-FR\"}]}<\/script>\n<!-- \/ Yoast SEO plugin. -->","yoast_head_json":{"title":"Travail d'atelier - John O&#039;SCANLAN - \u0153uvres","robots":{"index":"index","follow":"follow","max-snippet":"max-snippet:-1","max-image-preview":"max-image-preview:large","max-video-preview":"max-video-preview:-1"},"canonical":"https:\/\/john-oscanlan.fr\/?page_id=2200","og_locale":"fr_FR","og_type":"article","og_title":"Travail d'atelier - John O&#039;SCANLAN - \u0153uvres","og_description":"Progression de la r\u00e9alisation d'une pi\u00e8ce : Modelage, cirage et\/ou patine apr\u00e8s cuisson pour une terre cuite. Puis, \u00e9ventuellement, moulage, tirage d'une cire, fonte, ciselage, patine pour un bronze.","og_url":"https:\/\/john-oscanlan.fr\/?page_id=2200","og_site_name":"John O&#039;SCANLAN - \u0153uvres","article_modified_time":"2021-04-01T22:55:55+00:00","twitter_card":"summary_large_image","schema":{"@context":"https:\/\/schema.org","@graph":[{"@type":"WebPage","@id":"https:\/\/john-oscanlan.fr\/?page_id=2200","url":"https:\/\/john-oscanlan.fr\/?page_id=2200","name":"Travail d'atelier - John O&#039;SCANLAN - \u0153uvres","isPartOf":{"@id":"https:\/\/john-oscanlan.fr\/#website"},"datePublished":"2020-05-26T21:47:55+00:00","dateModified":"2021-04-01T22:55:55+00:00","breadcrumb":{"@id":"https:\/\/john-oscanlan.fr\/?page_id=2200#breadcrumb"},"inLanguage":"fr-FR","potentialAction":[{"@type":"ReadAction","target":["https:\/\/john-oscanlan.fr\/?page_id=2200"]}]},{"@type":"BreadcrumbList","@id":"https:\/\/john-oscanlan.fr\/?page_id=2200#breadcrumb","itemListElement":[{"@type":"ListItem","position":1,"name":"Accueil","item":"https:\/\/john-oscanlan.fr\/"},{"@type":"ListItem","position":2,"name":"Travail d&rsquo;atelier"}]},{"@type":"WebSite","@id":"https:\/\/john-oscanlan.fr\/#website","url":"https:\/\/john-oscanlan.fr\/","name":"John O'SCANLAN","description":"Dessins, sculptures et textes.","potentialAction":[{"@type":"SearchAction","target":{"@type":"EntryPoint","urlTemplate":"https:\/\/john-oscanlan.fr\/?s={search_term_string}"},"query-input":{"@type":"PropertyValueSpecification","valueRequired":true,"valueName":"search_term_string"}}],"inLanguage":"fr-FR"}]}},"_links":{"self":[{"href":"https:\/\/john-oscanlan.fr\/index.php?rest_route=\/wp\/v2\/pages\/2200","targetHints":{"allow":["GET"]}}],"collection":[{"href":"https:\/\/john-oscanlan.fr\/index.php?rest_route=\/wp\/v2\/pages"}],"about":[{"href":"https:\/\/john-oscanlan.fr\/index.php?rest_route=\/wp\/v2\/types\/page"}],"author":[{"embeddable":true,"href":"https:\/\/john-oscanlan.fr\/index.php?rest_route=\/wp\/v2\/users\/2"}],"replies":[{"embeddable":true,"href":"https:\/\/john-oscanlan.fr\/index.php?rest_route=%2Fwp%2Fv2%2Fcomments&post=2200"}],"version-history":[{"count":0,"href":"https:\/\/john-oscanlan.fr\/index.php?rest_route=\/wp\/v2\/pages\/2200\/revisions"}],"wp:attachment":[{"href":"https:\/\/john-oscanlan.fr\/index.php?rest_route=%2Fwp%2Fv2%2Fmedia&parent=2200"}],"curies":[{"name":"wp","href":"https:\/\/api.w.org\/{rel}","templated":true}]}}